Let a be (4/6)/((-2)/(-15)). Let t = o + a. Let z(w) = w**2 + 4*w - 3. What is z(t)?
9
Let u = 6 + 2. Suppose -s - 3 = -u. Let i(z) = -z - 9. Let n(l) = l + 8. Let o(w) = s*n(w) + 4*i(w). Calculate o(-5).
-1
Let r(f) = -16*f + 3. Let z(v) = -8*v + 1. Let q = 4 + -6. Let i(w) = q*r(w) + 5*z(w). What is i(-1)?
7
Let f(h) be the third derivative of -h**2 - 5/24*h**4 + 0*h + 1/15*h**5 + 1/120*h**6 + h**3 + 0. Give f(-5).
6
Suppose 8 = q - 3. Let u = q + -8. Suppose -2*b - 14 = 5*s, 0*s + u*b + 16 = -5*s. Let l(z) = -z**2 - z. Give l(s).
-2
Let g(y) be the third derivative of y**4/24 + y**3/2 - 9*y**2. Determine g(-5).
-2
Let r be 0/10 + 1 + -2. Let c(x) = -10*x**2 + x + 1. What is c(r)?
-10
Let t be 2 + (-36)/21 - (-46)/(-14). Let k(r) = -r**2 - 8*r - 4. What is k(t)?
11
Let k(m) be the third derivative of -m**6/120 + m**5/15 + 7*m**4/24 - 7*m**3/6 - m**2. Suppose -2*l + 3*z = 2*z - 6, -2*l - 3*z + 22 = 0. Calculate k(l).
3
Let l(i) = 0 - i - i**3 - 9*i**2 + 3*i**2 + 9*i**2 - 2. What is l(3)?
-5
Let s(t) = t**3 - t + 2. Let m be s(-2). Let p(v) be the first derivative of -4*v - 5/3*v**3 - 5/2*v**2 - 1/4*v**4 - 11. What is p(m)?
0
Let o(k) be the second derivative of 7*k**3/3 + k**2/2 - 16*k. Calculate o(-1).
-13
Let f(z) = z**3 + 7*z**2 + 6*z + 2. Suppose 2*h - x + 38 = x, -x - 19 = h. Let k = h + 13. What is f(k)?
2
Let u = -19 + 12. Let s = u - -3. Let l(i) = i + 4. Let p be l(s). Let h(a) = -a**2 + a + 1. What is h(p)?
1
Let m(f) = f**3 - 5*f**2 - f - 1. Suppose -4*i + 0*q = 4*q + 12, q = 4*i + 7. Let p = i - -2. Let z be (10/2)/(p - -1). What is m(z)?
-6
Suppose -2*n + 5 = -1. Suppose 0 = c - n + 2. Let s(p) = -9*p + 1. Give s(c).
-8
Let y(q) = q + 3. Let l(a) = 6*a + 26. Let k be l(-5). Calculate y(k).
-1
Let f(n) = -n + 1. Let h(o) = o**2 - 3*o + 3. Let l(j) = -5*f(j) + h(j). Let s = -37 - -35. Give l(s).
-2
Let g(y) be the third derivative of -y**4/24 + 7*y**3/6 - 4*y**2. Calculate g(7).
0
Let x(z) = -4*z**2 - 6*z + 13. Let f(k) = 2*k**2 + 3*k - 7. Let d(o) = -11*f(o) - 6*x(o). Determine d(-3).
8
Let z(g) = 5*g. Suppose -5*f - 34 = 5*k + 11, -5*f + 2*k = 38. Suppose 0*p = -4*m + 5*p + 37, -4*p = 20. Let w be f/(-4) + (0 - m). What is z(w)?
-5
Let g(x) = x**2 - 6*x - 8. Suppose -5*a = 15, l = -a - 2*a - 1. Let k be (-4 - -2) + (l - 0). What is g(k)?
-8
Let p be 2*(0 + (0 - 1)). Let j be (-4)/8 - 21/p. Suppose -5*t + 2*n + j = -0*n, n = -2*t + 4. Let x(b) = 2*b**3 - 3*b**2 + b - 1. Calculate x(t).
5
Let d(c) be the second derivative of -c**7/840 + c**6/72 - c**5/20 + c**4/6 - c**3/3 + c. Let n(s) be the second derivative of d(s). What is n(4)?
-4
Let t(u) = -3*u + 1. Suppose 0 = 8*z - 4*z. Suppose z = -5*k + k + 8. Determine t(k).
-5
Let g(p) = p**3 + 5*p**2 + 3*p - 2. Let t(n) = n**3 - 8*n**2 + 8*n - 7. Let c be t(7). Let a = 21 + -9. Suppose 4*f + a = -c. Calculate g(f).
7
Let k(m) = 4*m + 2. Let b be 0 + (0 - 1 - 4). Let t be 28/10 + (-1)/b. Suppose -4 = -t*p - 13. Calculate k(p).
-10
Let x(h) = 3*h + 24. Let u(w) = w + 7. Suppose l - 6*l = -90. Let q(d) = l*u(d) - 5*x(d). Suppose -20 = 4*n - 4*f, -6 + 0 = n - 2*f. Determine q(n).
-6
Let p = -5 - -4. Let i(t) = 5*t**2 + 5*t + 5. Let j(d) = 2*d**2 + 3*d + 3. Let z = 11 - 8. Let b(f) = z*i(f) - 5*j(f). Give b(p).
5
Let x(g) = -9*g - 1. Let s be ((-36)/(-54))/(2 - 10/6). Determine x(s).
-19
Let q(c) be the second derivative of c**5/20 - c**4/3 - c**3/6 - 5*c**2/2 + 10*c. Suppose -2 + 14 = 3*o. What is q(o)?
-9
Let m(n) = 3*n - 4. Let o(k) = -6*k + 8. Let a(b) = -5*m(b) - 2*o(b). What is a(3)?
-5
Let i be (1/2)/(4/(-16)). Let s be (i - -1) + (-8)/2. Let k = s - -10. Let x(q) = -q**2 + 3*q + 3. Give x(k).
-7
Let h be (-216)/99 + 2/11. Let b(g) = -g**3 - 2*g**2 - 3*g - 1. Calculate b(h).
5
Let j(a) = a**2 - 9. Let l(m) = -m**3 + 4*m**2 - m + 4. Let k be l(4). Give j(k).
-9
Let n = 137 + -131. Let y(s) = -6*s + 6 + s**2 + 0*s**2 + 0*s**2. Calculate y(n).
6
Let v(b) = b + 1. Let i be v(0). Let h(c) = -4*c**3 - c**2 + 1. Let m be h(i). Let t(u) = u**2 + 4*u - 2. Give t(m).
-2
Let s(n) = 2*n**2 + 3*n - 4. Let c be ((-1)/(-3))/((-2)/(-78)). Let m be c/(-5) + (-4)/10. Determine s(m).
5
Let n(g) = g**3 - 4*g**3 + 3*g**3 + 2*g**2 + 1 - g**3. Determine n(2).
1
Let h(c) = c**2 + 4*c. Let k(n) = n**3 - 7*n**2 - 8*n + 3. Let a be k(8). Let j be (0 + -1)*(-4 + a). Let o = -4 - j. What is h(o)?
5
Let i(o) = -o + 5. Suppose 64 = -4*p - 12*p. Give i(p).
9
Let b = -9 + 11. Suppose -b = m + m. Let q(x) = x**3 + x**2 + x. Calculate q(m).
-1
Let j = 3 - 2. Let c(u) be the first derivative of -3*u**3 - u**2/2 - 71. What is c(j)?
-10
Let i(t) = 0 + 39*t**2 - 3*t - 1 - 41*t**2. Give i(-2).
-3
Suppose g = 4*r - 3, -4 = -2*r - 0*g - 2*g. Let k(a) = -1 + r - a + 2 + a**2. Calculate k(-2).
8
Suppose -m = 2*m + 3*h + 6, 0 = -2*m + 4*h + 2. Let n(p) = -11*p**2. Determine n(m).
-11
Let m(g) = 5*g + 8. Let k(i) = -i - 1. Let h(f) = -4*k(f) - m(f). Give h(3).
-7
Let b(w) be the second derivative of w**5/20 + w**4/4 - w**3/3 + 3*w**2/2 - 11*w. Give b(-3).
9
Suppose 6 = 4*g - 6. Let t(c) be the first derivative of -1 - g*c - 3/2*c**2 + 1/3*c**3. Give t(3).
-3
Let g(u) be the third derivative of -u**4/8 - u**3/2 + 2*u**2. Let r(n) = -n**2 - 14*n - 26. Let a be r(-12). Determine g(a).
3
Let f(x) = -6*x**2 - x - 1. Let c = 1 + 1. Let g(a) = 2*a + a**3 - 8*a**2 - 6*a**2 - 1 + 0*a**2 + 11*a**2. Let h be g(c). Calculate f(h).
-6
Let t(k) = -13*k + 42*k - 14*k - 16*k - 2. Calculate t(5).
-7
Let o(w) be the first derivative of 1/2*w**2 - 9*w - 2. Suppose 3*x + 2*x - 5 = 4*v, 3*v + 3 = 3*x. What is o(v)?
-9
Suppose 2*w = -2*w - 40. Let j be 0 + w + -5 + 5. Let i be 24/(-15) + (-6)/j. Let q(n) = 8*n**3 + n**2 - n - 1. What is q(i)?
-7
Let t(m) = -35*m**3 - 14*m**2 + 14*m - 3. Let z(d) = 5*d**2 + 1 - 6*d**3 + 9*d**3 - 5*d + 9*d**3. Let b(c) = -6*t(c) - 17*z(c). Give b(-1).
-7
Suppose -4*l - 18 = 2*v, -2*v + 1 = -3*l - 16. Let y(q) = v - 20*q + 8*q + 11*q. Determine y(1).
0
Let a(r) = -3*r**3 + 9*r**2 + 3*r - 9. Let g(o) = 7*o**3 - 19*o**2 - 6*o + 19. Let k(m) = -5*a(m) - 2*g(m). What is k(7)?
-14
Let g(n) = -4*n + 1. Let p be g(-1). Suppose -5*z - 14 = p*r - 4, 2*z = -5*r + 5. Let i(b) = r*b**3 - 2 + 4*b**3 + b**3 + 3 - 2*b. Determine i(1).
7
Let y(o) be the first derivative of o**3/3 - 2*o**2 + 3*o - 3. Calculate y(4).
3
Let b(j) = -j**2 - j + 1. Let x(r) = r**3 - r + 8. Let i(a) = a - 9. Let w be i(5). Let c(f) = w*b(f) + x(f). Suppose 2*m + 1 = -7. Determine c(m).
-8
Let w(s) = s - 3. Let l(m) = m - 4. Let f be l(10). Calculate w(f).
3
Let c(r) = 21*r**2 + r + 1. Let a be 3*(-49)/168 + (-1)/8. Determine c(a).
21
Let p(r) = -r + 1. Let x(n) be the second derivative of n**4/12 - n**3/6 + 4*n**2 - n. Let s(z) = 5*p(z) - x(z). Determine s(-3).
0
Let y(a) = -2*a**3 + 4*a**2 - 2*a - 2. Let l(f) = -f - 4. Let z be l(-6). Calculate y(z).
-6
Let r(g) = 3 - 6*g - 1 - 2*g - 1. Give r(1).
-7
Let n(x) = x**3 - 8*x**2 + x - 9. Let s be n(8). Let g be (-2 + 3)*(1 - s). Let f(i) = -g - 1 - 3 + i. Determine f(6).
0
Let r(m) = m**2 + m - 8. Suppose 0 = -3*s - 0*s - 9, -6 = -3*u + s. Let a be (-2)/u*(1 + -2). Let y be 6/(-9) + a/3. What is r(y)?
-8
Let r(f) = 14*f**3 + 2*f**2 + 2*f + 1. Let h be 2/6 - (4 + (-40)/15). Give r(h).
-13
Let q = -12 + 18. Let v be (-17)/(-3) - q/(-18). Let d = v - 3. Let u(w) = -w**2 + 2*w + 1. What is u(d)?
-2
Let a = 11 + -16. Let u(z) = -4*z - 7. Calculate u(a).
13
Suppose -3 = -2*w + 5*s - 4*s, w - 3*s + 11 = 0. Let i(u) be the second derivative of u**3/6 - 4*u. What is i(w)?
4
Suppose -3*d + 2*d - 2*w = -7, -3*w = -d - 8. Suppose -2*m = m - 6, -2*m - 8 = -3*t. Let x(l) = -2*l + t*l - l. Calculate x(d).
1
Let n = -2719/20 - -136. Let a(s) be the second derivative of -3*s + 1/2*s**2 + 0 - 1/3*s**3 + n*s**5 + 1/4*s**4. Give a(-4).
-7
Let p be 66/8 + (78/(-24) - -3). Let s(r) = r - 6. Calculate s(p).
2
Suppose 3*z + g + 19 = 0, -4*z = -6*z + 4*g - 8. Let x(i) = -i**2 - i + 7. What is x(z)?
-23
Let y(x) = 2*x**3 - x**2 - 3*x + 2. Let k = 2 - 4. Let f be k/3*3 + 4. Give y(f).
8
Let o(d) = -d**2 + d. Let a(w) be the third derivative of -w**4/12 - w**3/3 + w**2. Let q be a(-2). Let y = 0 + q. Determine o(y).
-2
Let h(t) be the third derivative of 0 - 1/6*t**3 + 3*t**2 + 1/12*t**4 + 1/60*t**5 + 0*t. Calculate h(2).
7
Let s be 